rime factors of 1748993?
1748993
What are the prime factors of 2217630?
2, 3, 5, 29, 2549
List the prime factors of 292604.
2, 13, 17, 331
List the prime factors of 6655297.
11, 29, 31, 673
What are the prime factors of 56967?
3, 17, 1117
List the prime factors of 83185.
5, 127, 131
List the prime factors of 526583.
526583
What are the prime factors of 313708?
2, 78427
What are the prime factors of 1162403?
11, 105673
List the prime factors of 186862.
2, 13, 7187
List the prime factors of 526510.
2, 5, 37, 1423
What are the prime factors of 4949382?
2, 3, 47, 17551
List the prime factors of 1526655.
3, 5, 13, 7829
List the prime factors of 17849247.
3, 13, 457673
List the prime factors of 36462402.
2, 3, 2025689
List the prime factors of 7243817.
7, 431
List the prime factors of 14926184.
2, 7, 13, 29, 101
List the prime factors of 145810.
2, 5, 7, 2083
What are the prime factors of 194507?
194507
What are the prime factors of 5648256?
2, 3, 4903
What are the prime factors of 461136?
2, 3, 13, 739
What are the prime factors of 2468646?
2, 3, 137147
List the prime factors of 925594.
2, 467, 991
List the prime factors of 3673666.
2, 17, 167, 647
What are the prime factors of 1050926?
2, 479, 1097
What are the prime factors of 236062?
2, 17, 53, 131
List the prime factors of 1084665.
3, 5, 167, 433
What are the prime factors of 3644749?
17, 29, 7393
What are the prime factors of 701774?
2, 350887
What are the prime factors of 154944?
2, 3, 269
List the prime factors of 8015861.
7, 29, 5641
List the prime factors of 281836.
2, 70459
List the prime factors of 2152708.
2, 23, 23399
List the prime factors of 4271129.
4271129
List the prime factors of 24867970.
2, 5, 167, 14891
What are the prime factors of 87455?
5, 17491
List the prime factors of 7320228.
2, 3, 37, 16487
List the prime factors of 581886.
2, 3, 32327
List the prime factors of 1348710.
2, 3, 5, 11, 61, 67
What are the prime factors of 26273767?
13, 349, 5791
What are the prime factors of 8845572?
2, 3, 737131
List the prime factors of 116423.
116423
What are the prime factors of 5287181?
5287181
List the prime factors of 33229645.
5, 17, 313, 1249
What are the prime factors of 256968?
2, 3, 43, 83
What are the prime factors of 639171?
3, 13, 607
List the prime factors of 3904106.
2, 1952053
What are the prime factors of 667882?
2, 333941
What are the prime factors of 2292520?
2, 5, 37, 1549
What are the prime factors of 196940?
2, 5, 43, 229
What are the prime factors of 106810?
2, 5, 11, 971
List the prime factors of 977516.
2, 244379
What are the prime factors of 2223651?
3, 17, 59, 739
List the prime factors of 1585430.
2, 5, 7, 11, 29, 71
What are the prime factors of 490523?
11, 19, 2347
What are the prime factors of 18772615?
5, 107, 35089
What are the prime factors of 1354528?
2, 7, 6047
What are the prime factors of 3271960?
2, 5, 81799
What are the prime factors of 4991843?
4991843
What are the prime factors of 188647?
71, 2657
List the prime factors of 608939.
59, 10321
What are the prime factors of 1593791?
199, 8009
List the prime factors of 8360698.
2, 239, 17491
List the prime factors of 17948786.
2, 23, 390191
List the prime factors of 2605100.
2, 5, 109, 239
List the prime factors of 172811.
29, 59, 101
What are the prime factors of 254092?
2, 139, 457
List the prime factors of 671261.
671261
What are the prime factors of 1049637?
3, 97, 3607
List the prime factors of 28024152.
2, 3, 13, 89821
What are the prime factors of 10202263?
10202263
List the prime factors of 15541008.
2, 3, 7, 23, 2011
List the prime factors of 255332.
2, 7, 11, 829
List the prime factors of 1301237.
7, 211, 881
What are the prime factors of 381038?
2, 7, 17, 1601
List the prime factors of 14194070.
2, 5, 11, 129037
What are the prime factors of 394624?
2, 3083
What are the prime factors of 2980219?
11, 17, 15937
What are the prime factors of 237301?
237301
What are the prime factors of 316794?
2, 3, 37, 1427
What are the prime factors of 38387908?
2, 13, 47, 113, 139
What are the prime factors of 2677003?
7, 382429
List the prime factors of 2250079.
13, 73, 2371
List the prime factors of 4942367.
257, 19231
What are the prime factors of 3434342?
2, 199, 8629
What are the prime factors of 3342195?
3, 5, 19, 1303
What are the prime factors of 9783000?
2, 3, 5, 1087
What are the prime factors of 25115048?
2, 7, 79, 811
What are the prime factors of 2173876?
2, 199, 2731
What are the prime factors of 51837?
3, 37, 467
What are the prime factors of 191603?
29, 6607
What are the prime factors of 4947245?
5, 971, 1019
List the prime factors of 6493737.
3, 181, 11959
What are the prime factors of 3313943?
3313943
List the prime factors of 774829.
11, 70439
What are the prime factors of 1019629?
13, 41, 1913
What are the prime factors of 614540?
2, 5, 30727
List the prime factors of 121882.
2, 149, 409
List the prime factors of 175977.
3, 19553
What are the prime factors of 63402?
2, 3, 10567
What are the prime factors of 597437?
597437
List the prime factors of 32476962.
2, 3, 7, 71, 10891
What are the prime factors of 367056?
2, 3, 2549
What are the prime factors of 584478?
2, 3, 19, 1709
List the prime factors of 1093844.
2, 151, 1811
What are the prime factors of 5123339?
13, 31, 12713
List the prime factors of 456532.
2, 19, 6007
List the prime factors of 85990.
2, 5, 8599
List the prime factors of 231657.
3, 37, 2087
List the prime factors of 164618.
2, 53, 1553
List the prime factors of 7648503.
3, 173, 14737
List the prime factors of 3052393.
317, 9629
What are the prime factors of 14640885?
3, 5, 7, 15493
What are the prime factors of 139782?
2, 3, 23297
What are the prime factors of 332673?
3, 11, 17, 593
List the prime factors of 22989401.
22989401
List the prime factors of 2796276.
2, 3, 7, 33289
What are the prime factors of 1202024?
2, 97, 1549
List the prime factors of 252794.
2, 126397
What are the prime factors of 713478?
2, 3, 118913
List the prime factors of 3641673.
3, 7, 19, 9127
List the prime factors of 403507.
13, 31039
List the prime factors of 265981.
19, 13999
List the prime factors of 738057.
3, 157, 1567
What are the prime factors of 7591214?
2, 17, 29, 7699
What are the prime factors of 3067334?
2, 97, 163
What are the prime factors of 440787?
3, 349, 421
What are the prime factors of 4340234?
2, 2170117
List the prime factors of 2140004.
2, 47, 11383
What are the prime factors of 2800664?
2, 23, 31, 491
What are the prime factors of 1825229?
7, 260747
List the prime factors of 200372.
2, 50093
What are the prime factors of 1832855?
5, 17, 21563
List the prime factors of 129553.
129553
List the prime factors of 1055671.
1055671
What are the prime factors of 4254154?
2, 2127077
List the prime factors of 5457504.
2, 3, 13, 4373
List the prime factors of 13364724.
2, 3, 101, 11027
List the prime factors of 22336058.
2, 19, 31, 67, 283
List the prime factors of 5219288.
2, 652411
List the prime factors of 27180166.
2, 13, 1045391
What are the prime factors of 724135?
5, 251, 577
What are the prime factors of 14601428?
2, 3650357
What are the prime factors of 140001?
3, 23, 2029
What are the prime factors of 11897973?
3, 1321997
What are the prime factors of 4381?
13, 337
List the prime factors of 365459.
31, 11789
List the prime factors of 4575459.
3, 7, 23, 9473
List the prime factors of 1044958.
2, 522479
List the prime factors of 6367219.
37, 4651
List the prime factors of 339201.
3, 17, 739
List the prime factors of 6414062.
2, 3207031
List the prime factors of 7177515.
3, 5, 97, 4933
List the prime factors of 2789715.
3, 5, 179, 1039
List the prime factors of 108895.
5, 29, 751
List the prime factors of 750168.
2, 3, 23, 151
What are the prime factors of 36463?
7, 5209
What are the prime factors of 2695104?
2, 3, 4679
What are the prime factors of 29480?
2, 5, 11, 67
List the prime factors of 1833557.
11, 19, 31, 283
List the prime factors of 26791.
73, 367
List the prime factors of 3732023.
367, 10169
What are the prime factors of 40253?
40253
What are the prime factors of 15748?
2, 31, 127
List the prime factors of 1302048.
2, 3, 11, 137
What are the prime factors of 329489?
329489
What are the prime factors of 2254941?
3, 13, 19273
What are the prime factors of 2